e units digit of u?
1
Suppose -77520 - 82727 = -37*o + 1009989. What is the hundreds digit of o?
6
Suppose -m = 2*o - 6, 3*o - 15 = 2*m + 8. Suppose 5 = -o*w + 60. Let f = 43 + w. What is the units digit of f?
4
Suppose -7*x - 132 = -8*x + m, -5*x + 640 = -m. Suppose 32 = x*p - 125*p. What is the units digit of p?
6
Let p be (78/(-8))/((-2)/8). Let y = -777 - -820. Let l = p + y. What is the units digit of l?
2
Suppose -2*h = -h + 4, 4*s - 15344 = -10*h. What is the tens digit of s?
4
Let q(m) = -37*m**3 + 3*m**2 - 5. Let b be q(2). Let z = b - -594. What is the hundreds digit of z?
3
Let x be (-9)/(((-18)/(-1015))/(-6)). Let a = -1826 + x. What is the tens digit of a?
1
Suppose 2*t - 6 = 0, 34*q - 33*q + 4*t - 10773 = 0. What is the hundreds digit of q?
7
Let f(h) be the first derivative of 3*h**2 - 28*h + 1. Let y(r) = -2*r**3 + 5*r**2 + 4*r + 9. Let d be y(3). What is the tens digit of f(d)?
4
Let u be 20/(-15)*42/(-4). Suppose -18*s - 308 = -u*s. Let d = 170 + s. What is the units digit of d?
3
Let n be (-175)/(-15) - (-3)/9. Let h = -10 + n. Suppose w = -4*f + 2*w + 373, f - 88 = h*w. What is the tens digit of f?
9
Suppose 0 = -4*w + 8, -3*w + 124 = 5*g - 6*w. Let x(i) = -4 + 11 - i**2 + 31*i + 14 + 2. What is the tens digit of x(g)?
5
Suppose -16 = 6*g - 10*g. Let s be (1*g)/((-22)/(-5324)). Suppose -4*p - 4*p + s = 0. What is the hundreds digit of p?
1
Suppose 5*n + 6041 = 36901. What is the units digit of n?
2
Let w(a) = -9*a - 28. Let k(i) = 2*i - 2. Let d be k(4). Let b be d/10 - 408/30. What is the tens digit of w(b)?
8
Let j be (-6 - 71) + 0 + (2 - 3). Let o = j - -179. What is the hundreds digit of o?
1
Let w(b) be the second derivative of -b**5/20 + 11*b**4/12 - 4*b**3/3 + 2*b**2 + 21*b. Let h be w(6). Let a = -66 + h. What is the units digit of a?
0
What is the thousands digit of (-627502)/(-16) - (-671)/5368?
9
Let a(o) = 16*o + 48. Let j be (-116)/(-87)*(0 + 12). What is the units digit of a(j)?
4
Let q(b) = 419*b - 272. What is the units digit of q(23)?
5
What is the ten thousands digit of (3 + (-438)/(-18))*19/((-76)/(-1920))?
1
Let o(c) = c**2 + 3*c - 14. Let m be o(-6). What is the tens digit of (-3 - (-3192)/34) + m/34?
9
Suppose -95*g + 174372 + 447372 = -411476. What is the units digit of g?
6
Suppose -3*p + 8*p - 10 = 0, -d + 3*p = 4. Suppose 5*y - 183 = d*y. Suppose s = 2*s - y. What is the units digit of s?
1
Suppose 798 = -40*w + 19*w. Let s = w + 919. What is the tens digit of s?
8
Let d(g) = 2*g**2 + 143*g + 1029. What is the thousands digit of d(-90)?
4
Suppose -2*g - 5*z = 23, 13*g + 5*z - 5 = 18*g. What is the units digit of 8/g - (-852 - 2)?
2
Let t(m) = -140*m - 10. Let n be (33/(-9) - -3)/(2/12). Let s be t(n). Suppose 3*u + 0*u - 220 = -2*l, -5*l + s = 4*u. What is the hundreds digit of l?
1
What is the units digit of (-174)/(-696) - -61*(-2)/((-16)/2582)?
8
What is the thousands digit of 28/14 + 3421 + -23?
3
What is the units digit of 41/(738/252) - -11247?
1
Let y(p) = -p**2 + 16*p + 1. Let b be y(14). Let w = 41 - b. What is the hundreds digit of (-18)/((3/54)/((-6)/w))?
1
What is the ten thousands digit of (1/2 - (-87)/(-58))*(-39119 + -2)?
3
Let v(r) = 95*r**2 + 151*r + 7. What is the tens digit of v(8)?
9
Suppose 0 = 2*b + 2*r + 1746, -b - 3*b - 3507 = -r. Let j be (-2 + 3)*(-7)/(28/b). Suppose 3*o = o + z + 221, 0 = 2*o + z - j. What is the units digit of o?
0
Suppose -5*l = 4*s - 16, 3*s - 12 = -3*l - 0*l. Suppose 5*r = 4*r + 3*j - s, 5*r - 3*j = -8. What is the tens digit of r - (888/(-14) + (-3)/(-7))?
6
Let o(q) = 4*q + 102. Let s be o(-27). What is the hundreds digit of 215 + s + 9 + -2?
2
Suppose 11*i + 51*i = 2*i + 4052760. What is the ten thousands digit of i?
6
Suppose -9*k - 4*k + 78 = 0. Let l be ((4 - 4)*(-3)/k)/(-1). What is the units digit of (l + 12/(-8))*484/(-6)?
1
Let t(r) = -42*r - 30. Let k be t(-13). Suppose -4*v = -x - 1037, 2*v + 2*x + 0*x = k. Let p = v - 165. What is the units digit of p?
4
Let x(m) be the second derivative of m**3/3 - 5*m**2 + 4*m. Let g be x(6). Suppose 178 = g*i + 38. What is the units digit of i?
0
Let m(a) = -215*a - 789. What is the ten thousands digit of m(-96)?
1
Let m(u) = 1949*u**2 - 66*u - 122. What is the tens digit of m(-2)?
0
Let a be (-44676)/(-14) - 26/182. Suppose -3*b - h + 2398 = 0, 4*b - a = -4*h + 9*h. What is the units digit of b?
9
Let j = -10454 - -17825. What is the thousands digit of j?
7
Suppose f + 3*i = -1 - 0, 4*f + i + 4 = 0. Let p(m) be the first derivative of -18*m**2 + 5*m - 30. What is the tens digit of p(f)?
4
Let y(j) = 8*j**2 - 11*j + 13. Let b be -37 + 39 + (1 - -8 - 2). What is the units digit of y(b)?
2
What is the units digit of -13 + 13/((-91)/(-26411))?
0
Suppose 12*t = 3*t + 225. Let g(r) = 21*r - 131. What is the hundreds digit of g(t)?
3
Let h = -196 + 196. Suppose -2*m - 1013 + 4419 = h. What is the thousands digit of m?
1
Suppose -49 - 132 = 5*f + 4*u, -2*u = -3*f - 91. Let y = f - -40. Let l(x) = 3*x**2 - 6*x - 6. What is the tens digit of l(y)?
9
Let h be 4*(-6)/4*3/6. What is the units digit of -2 - 0 - 2640/h?
8
Let q = -2079 + 2845. What is the hundreds digit of q?
7
Let g(s) = s + 18. Suppose -z + 3*v = 15, 1 = -4*v + 5. Let a be g(z). Suppose m + 10 = a*m. What is the units digit of m?
2
Let x(c) = 276*c + 107. Let a be x(-8). Let m = 3684 + a. What is the tens digit of m?
8
Let o(y) = 70*y - 39. Let h(d) = 141*d - 80. Let c(q) = -4*h(q) + 9*o(q). What is the units digit of c(9)?
3
Suppose -7*m + 21 = -3*m + 5*j, -3*j + 7 = m. What is the units digit of m/(-6)*19/((-171)/10935)?
0
Suppose 2133 + 3451 = 10*s - 44126. What is the thousands digit of s?
4
Suppose -40*x + 49*x + 9 = 0. Suppose -3*z + 45 = 3*j, 4*j - 39 = -z + 21. What is the units digit of x - (-240)/(j/3)?
7
Suppose -25753 = -3*r - 4*l, -2*r + 105*l + 17167 = 108*l. What is the units digit of r?
1
Let w(s) be the second derivative of -3/20*s**5 - 4/3*s**3 + 0 + 15*s + 1/6*s**4 - 9*s**2. What is the tens digit of w(-4)?
3
Suppose c - 39 - 146 = -2*o, 4*c - 725 = -3*o. Let q be 4/10 - 23/(-5). Suppose -c = -q*d + 131. What is the units digit of d?
2
What is the units digit of -65*((-60894)/90 + 24)?
9
Let f(l) = -379*l - 2436. What is the ten thousands digit of f(-46)?
1
What is the units digit of ((-1658)/(-4))/((-12)/600*-25)?
9
Let x = 553 - 181. Let m be ((-4)/6)/((-31)/x). Suppose 0 = 2*h - m*h + 324. What is the units digit of h?
4
Suppose -7*o + 350 = 7*o. Suppose 0*j = o*j - 9600. What is the hundreds digit of j?
3
Let h(n) = n**2 + 12*n - 34. Let c(z) = z**2 + 5*z + 1. Let a be c(-7). Let u = a - 34. What is the tens digit of h(u)?
9
Suppose 0 = -297*p + 244*p + 1766225. What is the thousands digit of p?
3
Let o = 36212 + 17944. What is the ten thousands digit of o?
5
What is the thousands digit of ((-36477)/6 + 1*3)*-2?
2
Suppose 3*k = -2*b + 20016, -529*k + 531*k + 10001 = b. What is the hundreds digit of b?
0
Suppose 38*r + 81108 = 2*r. Let h = -1221 - r. What is the thousands digit of h?
1
Suppose 77*j - 76*j - 7 = 0. Suppose 0 = 11*c - j*c - 20, r + 4*c - 765 = 0. What is the units digit of r?
5
Let s be 2/8 + (-25)/20. Let f be -3 - 1 - (s - 3). Let j = f + 22. What is the units digit of j?
2
Suppose 0 = -14*h + 10376 + 8076. Let q = h - 894. Suppose 0 = -2*f + q + 50. What is the units digit of f?
7
Let j(v) be the first derivative of v**6/120 + v**5/30 + v**4/24 - 10*v**3 - 19. Let z(n) be the third derivative of j(n). What is the tens digit of z(-6)?
8
Suppose 0 = -5*y + 5*j - 0 - 5, -y = -3*j - 3. Let l be -1*y/(1 - 1/(-2)). Suppose 6*n - 5*n - l*t - 76 = 0, 3*t + 415 = 5*n. What is the tens digit of n?
8
Let b be 87/203 - 102/42. Let m(l) = -2*l - 8 - 36*l - 3. What is the tens digit of m(b)?
6
Let l(z) = z**3 + 11*z**2 - 21*z - 19. Let f be l(8). Suppose -118*v - f = -121*v. What is the tens digit of v?
4
Let h be (-128)/3 + 4/6. What is the units digit of 7/(h/(-393))*14?
7
Suppose 0 = 3*d + 12, -648*d + 643*d = -2*w + 15434. What is the hundreds digit of w?
7
Suppose -2161*g + 2158*g = -139812. What is the units digit of g?
4
What is the hundreds digit of 112/70*56805/14?
4
Suppose 0*n = -9*n + 54. Suppose 0 = z + 3*v - 0*v + n, -z - 4*v = 9. Suppose -52 = p - z*p. What is the tens digit of p?
2
Suppose 23 = 6*p + 